when 909579 is divided by 574?
363
What is the remainder when 165018586 is divided by 12?
10
What is the remainder when 94240 is divided by 3192?
1672
Calculate the remainder when 65150 is divided by 3365.
1215
What is the remainder when 51866 is divided by 51261?
605
What is the remainder when 7209795 is divided by 236?
231
What is the remainder when 4748698 is divided by 153183?
25
Calculate the remainder when 493851 is divided by 98768.
11
What is the remainder when 228266319 is divided by 44?
39
Calculate the remainder when 809398 is divided by 1163.
1113
What is the remainder when 568227 is divided by 15784?
3
What is the remainder when 929012 is divided by 58063?
4
What is the remainder when 1899 is divided by 84?
51
What is the remainder when 12466439 is divided by 6126?
29
What is the remainder when 16044 is divided by 31?
17
What is the remainder when 1423654 is divided by 2808?
2806
What is the remainder when 2425505 is divided by 808468?
101
What is the remainder when 858293068 is divided by 4816?
4812
Calculate the remainder when 634160 is divided by 3798.
3692
What is the remainder when 903326 is divided by 208?
190
Calculate the remainder when 401322 is divided by 44.
42
What is the remainder when 7755709 is divided by 48?
13
What is the remainder when 536746 is divided by 249?
151
What is the remainder when 8492 is divided by 6869?
1623
What is the remainder when 7813698 is divided by 12?
6
Calculate the remainder when 7709666 is divided by 6309.
68
Calculate the remainder when 940307 is divided by 748.
71
Calculate the remainder when 23764 is divided by 657.
112
Calculate the remainder when 829192 is divided by 1586.
1300
Calculate the remainder when 2436374 is divided by 14.
10
What is the remainder when 236891 is divided by 118442?
7
What is the remainder when 27088637 is divided by 26741?
4
What is the remainder when 262608 is divided by 8878?
5146
Calculate the remainder when 9255996 is divided by 2600.
2596
Calculate the remainder when 304662572 is divided by 4162.
10
Calculate the remainder when 12595062 is divided by 35.
32
Calculate the remainder when 4287657 is divided by 598.
595
Calculate the remainder when 1282487 is divided by 697.
7
Calculate the remainder when 16336 is divided by 309.
268
Calculate the remainder when 2236649 is divided by 143.
129
Calculate the remainder when 35539954 is divided by 317321.
2
Calculate the remainder when 3655883 is divided by 13.
10
What is the remainder when 3799925 is divided by 331?
45
Calculate the remainder when 46924550 is divided by 733196.
6
Calculate the remainder when 373363 is divided by 98.
81
Calculate the remainder when 5874515 is divided by 74.
25
Calculate the remainder when 407481 is divided by 135824.
9
Calculate the remainder when 1655307673 is divided by 334.
333
What is the remainder when 2144657 is divided by 138?
137
Calculate the remainder when 71770111 is divided by 1176559.
12
What is the remainder when 409526296 is divided by 136508765?
1
Calculate the remainder when 1149323 is divided by 5421.
71
Calculate the remainder when 13748730 is divided by 6874364.
2
Calculate the remainder when 5065781 is divided by 3565.
3481
What is the remainder when 489345 is divided by 81552?
33
What is the remainder when 2366599 is divided by 788861?
16
Calculate the remainder when 671961 is divided by 12217.
26
Calculate the remainder when 5533790 is divided by 790538.
24
What is the remainder when 27659 is divided by 982?
163
What is the remainder when 591137 is divided by 7122?
11
Calculate the remainder when 12857404 is divided by 6428698.
8
Calculate the remainder when 61708713 is divided by 949.
937
Calculate the remainder when 43399417 is divided by 3099958.
5
Calculate the remainder when 5084016 is divided by 3028.
4
Calculate the remainder when 332546 is divided by 355.
266
What is the remainder when 273519 is divided by 1627?
183
What is the remainder when 1435095 is divided by 3353?
11
What is the remainder when 2122068 is divided by 17?
9
Calculate the remainder when 99433 is divided by 2927.
2842
Calculate the remainder when 76246288 is divided by 1494.
1492
What is the remainder when 1778421 is divided by 4560?
21
What is the remainder when 762742523 is divided by 2901?
2900
What is the remainder when 1446252 is divided by 233?
21
What is the remainder when 25861833 is divided by 1238?
13
What is the remainder when 95015 is divided by 603?
344
What is the remainder when 3307639 is divided by 26?
23
What is the remainder when 20949619 is divided by 1613?
1588
Calculate the remainder when 130650 is divided by 15616.
5722
Calculate the remainder when 14443641 is divided by 4814546.
3
What is the remainder when 39349805 is divided by 16?
13
What is the remainder when 115158 is divided by 9183?
4962
Calculate the remainder when 85999317 is divided by 162.
159
What is the remainder when 7486766 is divided by 2615?
21
What is the remainder when 16713 is divided by 2767?
111
What is the remainder when 481929 is divided by 481614?
315
What is the remainder when 8709435 is divided by 1451572?
3
What is the remainder when 718791 is divided by 75?
66
What is the remainder when 5696939 is divided by 16805?
44
Calculate the remainder when 1796909 is divided by 31.
25
Calculate the remainder when 936962 is divided by 46848.
2
Calculate the remainder when 1444822 is divided by 8071.
113
What is the remainder when 2677482 is divided by 139?
64
What is the remainder when 881213 is divided by 20?
13
What is the remainder when 257643863 is divided by 72?
71
Calculate the remainder when 97537 is divided by 48315.
907
Calculate the remainder when 5491 is divided by 1553.
832
Calculate the remainder when 78263 is divided by 741.
458
Calculate the remainder when 7303208 is divided by 255.
8
What is the remainder when 63334 is divided by 31527?
280
What is the remainder when 46924961 is divided by 921?
11
Calculate the remainder when 43767 is divided by 13798.
2373
What is the remainder when 71979540 is divided by 321337?
52
What is the remainder when 1016698 is divided by 7062?
6832
Calculate the remainder when 5257458 is divided by 2415.
3
Calculate the remainder when 85944 is divided by 1131.
1119
What is the remainder when 5835101 is divided by 546?
545
What is the remainder when 51228 is divided by 50660?
568
What is the remainder when 46100634 is divided by 9?
6
Calculate the remainder when 509227 is divided by 21149.
1651
What is the remainder when 1044040 is divided by 74461?
1586
What is the remainder when 2250432 is divided by 2389?
2383
What is the remainder when 2917252931 is divided by 253?
252
What is the remainder when 1085379 is divided by 542628?
123
What is the remainder when 165704 is divided by 54170?
3194
What is the remainder when 825602 is divided by 321?
311
What is the remainder when 11857368 is divided by 179656?
72
Calculate the remainder when 26689365 is divided by 26.
1
What is the remainder when 4186128 is divided by 105?
93
Calculate the remainder when 7861454 is divided by 531.
530
Calculate the remainder when 125658 is divided by 5051.
4434
What is the remainder when 1271900 is divided by 141308?
128
What is the remainder when 442321 is divided by 110266?
1257
Calculate the remainder when 4905359 is divided by 13588.
91
What is the remainder when 62022 is divided by 8758?
716
Calculate the remainder when 55280 is divided by 1348.
12
What is the remainder when 678769 is divided by 677670?
1099
What is the remainder when 1670588 is divided by 167055?
38
What is the remainder when 259619 is divided by 833?
556
Calculate the remainder when 7410 is divided by 1443.
195
Calculate the remainder when 4690236 is divided by 15.
6
What is the remainder when 18973706 is divided by 945?
941
What is the remainder when 25078 is divided by 162?
130
Calculate the remainder when 44138071 is divided by 70.
61
What is the remainder when 51552 is divided by 17026?
474
What is the remainder when 1034221 is divided by 43092?
13
What is the remainder when 659172947 is divided by 1167?
1166
What is the remainder when 7402527 is divided by 1628?
11
What is the remainder when 50562422 is divided by 16854109?
95
What is the remainder when 144129 is divided by 47925?
354
Ca